{"id":42,"date":"2022-03-22T21:18:49","date_gmt":"2022-03-22T20:18:49","guid":{"rendered":"https:\/\/regas.sk\/?page_id=42"},"modified":"2022-11-04T10:28:50","modified_gmt":"2022-11-04T09:28:50","slug":"kontakt","status":"publish","type":"page","link":"http:\/\/regas.sk\/?page_id=42","title":{"rendered":"KONTAKT"},"content":{"rendered":"<div class='flex_column av-2t0di-852d426b376149ebd6199a0fb9978b36 av_one_third  avia-builder-el-0  el_before_av_two_third  avia-builder-el-first  first flex_column_div  av-animated-generic left-to-right '   ><p><section  class='av_textblock_section av-l12kwvcu-98df9a12f43ed30f50c5e83b81bf5db1'  itemscope=\"itemscope\" itemtype=\"https:\/\/schema.org\/CreativeWork\" ><div class='avia_textblock'  itemprop=\"text\" ><p><strong>REGAS,s.r.o.<\/strong><br \/>\nBeckovsk\u00e1 1604\/21<br \/>\n91501 Nov\u00e9 Mesto nad V\u00e1hom<\/p>\n<p>Spolo\u010dnos\u0165 zap\u00edsan\u00e1 v OR okresn\u00e9ho s\u00fadu Tren\u010d\u00edn Oddiel: Sro, vlo\u017eka \u010d\u00edslo 25075\/R<\/p>\n<p>I\u010cO : 46350314<br \/>\nDI\u010c: 2023338284<br \/>\nI\u010c DPH: SK 2023338284<\/p>\n<\/div><\/section><br \/>\n<div  class='hr av-1z42a-e2423bdda10fc800fac2997d27f40bfd hr-default  avia-builder-el-2  el_after_av_textblock  el_before_av_textblock '><span class='hr-inner '><span class=\"hr-inner-style\"><\/span><\/span><\/div><br \/>\n<section  class='av_textblock_section av-l13de793-7a590ea40d0f3dcd1117d9ec67dff481'  itemscope=\"itemscope\" itemtype=\"https:\/\/schema.org\/CreativeWork\" ><div class='avia_textblock'  itemprop=\"text\" ><p><strong>Ladislav PISTA<\/strong><br \/>\nKonate\u013e spolo\u010dnosti<\/p>\n<p>Telef\u00f3n: 0902 281 484<br \/>\nE-mail: <a href=\"mailto:regas.nm@gmail.com\">regas.nm@gmail.com<\/a><br \/>\nE-mail: <a href=\"mailto:regasnm@regasnm.sk\">regasnm@regasnm.sk<\/a><\/p>\n<\/div><\/section><br \/>\n<div  class='hr av-1s8j6-df6e0c8bdcaab38ac0bab0035785bfff hr-default  avia-builder-el-4  el_after_av_textblock  el_before_av_textblock '><span class='hr-inner '><span class=\"hr-inner-style\"><\/span><\/span><\/div><br \/>\n<section  class='av_textblock_section av-l13deg37-cdef918641c3e0e5fca9476a2c64cdee'  itemscope=\"itemscope\" itemtype=\"https:\/\/schema.org\/CreativeWork\" ><div class='avia_textblock'  itemprop=\"text\" ><p><strong>Mgr. Luk\u00e1\u0161 PISTA<\/strong><br \/>\nKonate\u013e spolo\u010dnosti<\/p>\n<p>Telef\u00f3n: 0948 039 500<br \/>\nE-mail: <a href=\"mailto:regas.nm@gmail.com\">regas.nm@gmail.com<\/a><br \/>\nE-mail: <a href=\"mailto:regasnm@regasnm.sk\">regasnm@regasnm.sk<\/a><\/p>\n<\/div><\/section><br \/>\n<div  class='hr av-v2bi-34e9d357174c37ae5f5a98452fba688a hr-default  avia-builder-el-6  el_after_av_textblock  avia-builder-el-last '><span class='hr-inner '><span class=\"hr-inner-style\"><\/span><\/span><\/div><\/p><\/div><div class='flex_column av-1kw0y-c00de0fdc02c449740d911c2c975d509 av_two_third  avia-builder-el-7  el_after_av_one_third  avia-builder-el-last  flex_column_div '   ><p>\n<style type=\"text\/css\" data-created_by=\"avia_inline_auto\" id=\"style-css-av-l12kxhz2-efd017e97e48aa7ecf1f6d5acba0ee66\">\n.avia-image-container.av-l12kxhz2-efd017e97e48aa7ecf1f6d5acba0ee66 .av-image-caption-overlay-center{\ncolor:#ffffff;\n}\n<\/style>\n<div  class='avia-image-container av-l12kxhz2-efd017e97e48aa7ecf1f6d5acba0ee66 av-styling- av-hover-grow av-hide-overflow avia_animated_image avia_animate_when_almost_visible pop-up avia-align-center  avia-builder-el-8  el_before_av_hr  avia-builder-el-first '  itemprop=\"image\" itemscope=\"itemscope\" itemtype=\"https:\/\/schema.org\/ImageObject\" ><div class=\"avia-image-container-inner\"><div class=\"avia-image-overlay-wrap\"><img decoding=\"async\" class='wp-image-43 avia-img-lazy-loading-not-43 avia_image' src=\"http:\/\/regas.sk\/wp-content\/uploads\/2022\/03\/xfoto-FIRMA.jpg\" alt='' title=''  height=\"675\" width=\"1200\"  itemprop=\"thumbnailUrl\" srcset=\"http:\/\/regas.sk\/wp-content\/uploads\/2022\/03\/xfoto-FIRMA.jpg 1200w, http:\/\/regas.sk\/wp-content\/uploads\/2022\/03\/xfoto-FIRMA-300x169.jpg 300w, http:\/\/regas.sk\/wp-content\/uploads\/2022\/03\/xfoto-FIRMA-1030x579.jpg 1030w, http:\/\/regas.sk\/wp-content\/uploads\/2022\/03\/xfoto-FIRMA-768x432.jpg 768w, http:\/\/regas.sk\/wp-content\/uploads\/2022\/03\/xfoto-FIRMA-705x397.jpg 705w\" sizes=\"(max-width: 1200px) 100vw, 1200px\" \/><\/div><\/div><\/div><br \/>\n<div  class='hr av-x4jq-85c109fbe749205ec5a0859301dace5d hr-default  avia-builder-el-9  el_after_av_image  el_before_av_image '><span class='hr-inner '><span class=\"hr-inner-style\"><\/span><\/span><\/div><br \/>\n\n<style type=\"text\/css\" data-created_by=\"avia_inline_auto\" id=\"style-css-av-l13e75yj-e332373732cd997a7a055a64a3f6b306\">\n.avia-image-container.av-l13e75yj-e332373732cd997a7a055a64a3f6b306 .av-image-caption-overlay-center{\ncolor:#ffffff;\n}\n<\/style>\n<div  class='avia-image-container av-l13e75yj-e332373732cd997a7a055a64a3f6b306 av-styling- avia_animated_image avia_animate_when_almost_visible pop-up avia-align-center  avia-builder-el-10  el_after_av_hr  avia-builder-el-last '  itemprop=\"image\" itemscope=\"itemscope\" itemtype=\"https:\/\/schema.org\/ImageObject\" ><div class=\"avia-image-container-inner\"><div class=\"avia-image-overlay-wrap\"><a href=\"https:\/\/www.google.com\/maps\/place\/Beckovsk%C3%A1,+915+01+Nov%C3%A9+Mesto+nad+V%C3%A1hom\/@48.7648021,17.8350332,17z\/data=!3m1!4b1!4m5!3m4!1s0x471357dee7161cf1:0x616949ea9dc575e!8m2!3d48.7648021!4d17.8372219\" class='avia_image' target=\"_blank\" rel=\"noopener noreferrer\"><img decoding=\"async\" class='wp-image-93 avia-img-lazy-loading-not-93 avia_image' src=\"http:\/\/regas.sk\/wp-content\/uploads\/2022\/03\/mapka-e1648113772979.jpg\" alt='' title=''  height=\"531\" width=\"1426\"  itemprop=\"thumbnailUrl\" srcset=\"http:\/\/regas.sk\/wp-content\/uploads\/2022\/03\/mapka-e1648113772979.jpg 1426w, http:\/\/regas.sk\/wp-content\/uploads\/2022\/03\/mapka-e1648113772979-300x112.jpg 300w, http:\/\/regas.sk\/wp-content\/uploads\/2022\/03\/mapka-e1648113772979-1030x384.jpg 1030w, http:\/\/regas.sk\/wp-content\/uploads\/2022\/03\/mapka-e1648113772979-768x286.jpg 768w, http:\/\/regas.sk\/wp-content\/uploads\/2022\/03\/mapka-e1648113772979-705x263.jpg 705w\" sizes=\"(max-width: 1426px) 100vw, 1426px\" \/><\/a><\/div><\/div><\/div><\/p><\/div><\/p>\n","protected":false},"excerpt":{"rendered":"","protected":false},"author":1,"featured_media":0,"parent":0,"menu_order":0,"comment_status":"closed","ping_status":"closed","template":"","meta":{"_monsterinsights_skip_tracking":false,"_monsterinsights_sitenote_active":false,"_monsterinsights_sitenote_note":"","_monsterinsights_sitenote_category":0,"footnotes":""},"yoast_head":"<!-- This site is optimized with the Yoast SEO plugin v22.6 - https:\/\/yoast.com\/wordpress\/plugins\/seo\/ -->\n<title>KONTAKT - REGAS<\/title>\n<meta name=\"robots\" content=\"index, follow, max-snippet:-1, max-image-preview:large, max-video-preview:-1\" \/>\n<link rel=\"canonical\" href=\"http:\/\/regas.sk\/?page_id=42\" \/>\n<meta property=\"og:locale\" content=\"sk_SK\" \/>\n<meta property=\"og:type\" content=\"article\" \/>\n<meta property=\"og:title\" content=\"KONTAKT - REGAS\" \/>\n<meta property=\"og:url\" content=\"http:\/\/regas.sk\/?page_id=42\" \/>\n<meta property=\"og:site_name\" content=\"REGAS\" \/>\n<meta property=\"article:modified_time\" content=\"2022-11-04T09:28:50+00:00\" \/>\n<meta name=\"twitter:card\" content=\"summary_large_image\" \/>\n<meta name=\"twitter:label1\" content=\"Predpokladan\u00fd \u010das \u010d\u00edtania\" \/>\n\t<meta name=\"twitter:data1\" content=\"3 min\u00faty\" \/>\n<script type=\"application\/ld+json\" class=\"yoast-schema-graph\">{\"@context\":\"https:\/\/schema.org\",\"@graph\":[{\"@type\":\"WebPage\",\"@id\":\"http:\/\/regas.sk\/?page_id=42\",\"url\":\"http:\/\/regas.sk\/?page_id=42\",\"name\":\"KONTAKT - REGAS\",\"isPartOf\":{\"@id\":\"http:\/\/regas.sk\/#website\"},\"datePublished\":\"2022-03-22T20:18:49+00:00\",\"dateModified\":\"2022-11-04T09:28:50+00:00\",\"breadcrumb\":{\"@id\":\"http:\/\/regas.sk\/?page_id=42#breadcrumb\"},\"inLanguage\":\"sk-SK\",\"potentialAction\":[{\"@type\":\"ReadAction\",\"target\":[\"http:\/\/regas.sk\/?page_id=42\"]}]},{\"@type\":\"BreadcrumbList\",\"@id\":\"http:\/\/regas.sk\/?page_id=42#breadcrumb\",\"itemListElement\":[{\"@type\":\"ListItem\",\"position\":1,\"name\":\"Home\",\"item\":\"http:\/\/regas.sk\/\"},{\"@type\":\"ListItem\",\"position\":2,\"name\":\"KONTAKT\"}]},{\"@type\":\"WebSite\",\"@id\":\"http:\/\/regas.sk\/#website\",\"url\":\"http:\/\/regas.sk\/\",\"name\":\"REGAS\",\"description\":\"\",\"potentialAction\":[{\"@type\":\"SearchAction\",\"target\":{\"@type\":\"EntryPoint\",\"urlTemplate\":\"http:\/\/regas.sk\/?s={search_term_string}\"},\"query-input\":\"required name=search_term_string\"}],\"inLanguage\":\"sk-SK\"}]}<\/script>\n<!-- \/ Yoast SEO plugin. -->","yoast_head_json":{"title":"KONTAKT - REGAS","robots":{"index":"index","follow":"follow","max-snippet":"max-snippet:-1","max-image-preview":"max-image-preview:large","max-video-preview":"max-video-preview:-1"},"canonical":"http:\/\/regas.sk\/?page_id=42","og_locale":"sk_SK","og_type":"article","og_title":"KONTAKT - REGAS","og_url":"http:\/\/regas.sk\/?page_id=42","og_site_name":"REGAS","article_modified_time":"2022-11-04T09:28:50+00:00","twitter_card":"summary_large_image","twitter_misc":{"Predpokladan\u00fd \u010das \u010d\u00edtania":"3 min\u00faty"},"schema":{"@context":"https:\/\/schema.org","@graph":[{"@type":"WebPage","@id":"http:\/\/regas.sk\/?page_id=42","url":"http:\/\/regas.sk\/?page_id=42","name":"KONTAKT - REGAS","isPartOf":{"@id":"http:\/\/regas.sk\/#website"},"datePublished":"2022-03-22T20:18:49+00:00","dateModified":"2022-11-04T09:28:50+00:00","breadcrumb":{"@id":"http:\/\/regas.sk\/?page_id=42#breadcrumb"},"inLanguage":"sk-SK","potentialAction":[{"@type":"ReadAction","target":["http:\/\/regas.sk\/?page_id=42"]}]},{"@type":"BreadcrumbList","@id":"http:\/\/regas.sk\/?page_id=42#breadcrumb","itemListElement":[{"@type":"ListItem","position":1,"name":"Home","item":"http:\/\/regas.sk\/"},{"@type":"ListItem","position":2,"name":"KONTAKT"}]},{"@type":"WebSite","@id":"http:\/\/regas.sk\/#website","url":"http:\/\/regas.sk\/","name":"REGAS","description":"","potentialAction":[{"@type":"SearchAction","target":{"@type":"EntryPoint","urlTemplate":"http:\/\/regas.sk\/?s={search_term_string}"},"query-input":"required name=search_term_string"}],"inLanguage":"sk-SK"}]}},"_links":{"self":[{"href":"http:\/\/regas.sk\/index.php?rest_route=\/wp\/v2\/pages\/42"}],"collection":[{"href":"http:\/\/regas.sk\/index.php?rest_route=\/wp\/v2\/pages"}],"about":[{"href":"http:\/\/regas.sk\/index.php?rest_route=\/wp\/v2\/types\/page"}],"author":[{"embeddable":true,"href":"http:\/\/regas.sk\/index.php?rest_route=\/wp\/v2\/users\/1"}],"replies":[{"embeddable":true,"href":"http:\/\/regas.sk\/index.php?rest_route=%2Fwp%2Fv2%2Fcomments&post=42"}],"version-history":[{"count":6,"href":"http:\/\/regas.sk\/index.php?rest_route=\/wp\/v2\/pages\/42\/revisions"}],"predecessor-version":[{"id":171,"href":"http:\/\/regas.sk\/index.php?rest_route=\/wp\/v2\/pages\/42\/revisions\/171"}],"wp:attachment":[{"href":"http:\/\/regas.sk\/index.php?rest_route=%2Fwp%2Fv2%2Fmedia&parent=42"}],"curies":[{"name":"wp","href":"https:\/\/api.w.org\/{rel}","templated":true}]}}